
34
What is the remainder when 35119 is divided by 35098?
21
Calculate the remainder when 20251 is divided by 109.
86
What is the remainder when 73809 is divided by 2633?
85
What is the remainder when 7358 is divided by 1876?
1730
Calculate the remainder when 21955 is divided by 188.
147
What is the remainder when 2718 is divided by 580?
398
What is the remainder when 891375 is divided by 104?
95
Calculate the remainder when 3941 is divided by 62.
35
Calculate the remainder when 5930 is divided by 1167.
95
What is the remainder when 41801 is divided by 58?
41
Calculate the remainder when 615 is divided by 505.
110
What is the remainder when 798085 is divided by 222?
217
What is the remainder when 82060 is divided by 71?
55
What is the remainder when 439241 is divided by 15?
11
Calculate the remainder when 26509 is divided by 13251.
7
Calculate the remainder when 8173 is divided by 122.
121
What is the remainder when 145662 is divided by 3?
0
What is the remainder when 43678 is divided by 39?
37
Calculate the remainder when 857 is divided by 466.
391
What is the remainder when 14090 is divided by 7045?
0
Calculate the remainder when 137067 is divided by 104.
99
Calculate the remainder when 18007 is divided by 1058.
21
What is the remainder when 7908 is divided by 59?
2
What is the remainder when 21510 is divided by 4299?
15
Calculate the remainder when 67128 is divided by 137.
135
Calculate the remainder when 58887 is divided by 58.
17
What is the remainder when 751968 is divided by 145?
143
What is the remainder when 810017 is divided by 5329?
9
Calculate the remainder when 4182031 is divided by 11.
7
What is the remainder when 771 is divided by 180?
51
Calculate the remainder when 15982 is divided by 940.
2
What is the remainder when 4121 is divided by 1962?
197
Calculate the remainder when 11267 is divided by 68.
47
Calculate the remainder when 3200 is divided by 550.
450
What is the remainder when 4059 is divided by 23?
11
What is the remainder when 20791 is divided by 358?
27
What is the remainder when 7451 is divided by 32?
27
Calculate the remainder when 851 is divided by 283.
2
What is the remainder when 188 is divided by 83?
22
What is the remainder when 25328 is divided by 577?
517
Calculate the remainder when 15615 is divided by 1950.
15
What is the remainder when 54844 is divided by 1035?
1024
Calculate the remainder when 2175 is divided by 217.
5
What is the remainder when 2394 is divided by 5?
4
What is the remainder when 1208 is divided by 202?
198
What is the remainder when 196138 is divided by 105?
103
Calculate the remainder when 3675 is divided by 49.
0
Calculate the remainder when 1209733 is divided by 472.
469
Calculate the remainder when 57473 is divided by 1691.
1670
Calculate the remainder when 1682729 is divided by 48.
41
Calculate the remainder when 33804 is divided by 138.
132
What is the remainder when 845 is divided by 388?
69
What is the remainder when 15428 is divided by 15323?
105
Calculate the remainder when 6484 is divided by 1080.
4
Calculate the remainder when 716 is divided by 131.
61
What is the remainder when 5146 is divided by 222?
40
What is the remainder when 49452 is divided by 471?
468
Calculate the remainder when 11044 is divided by 92.
4
What is the remainder when 1631 is divided by 540?
11
Calculate the remainder when 66422 is divided by 7.
6
Calculate the remainder when 9390 is divided by 100.
90
Calculate the remainder when 8093 is divided by 18.
11
Calculate the remainder when 40073 is divided by 229.
227
Calculate the remainder when 23863 is divided by 42.
7
Calculate the remainder when 312789 is divided by 19547.
37
Calculate the remainder when 1204923 is divided by 161.
160
Calculate the remainder when 80630 is divided by 17.
16
Calculate the remainder when 430130 is divided by 764.
762
Calculate the remainder when 5435 is divided by 2717.
1
Calculate the remainder when 11246 is divided by 191.
168
What is the remainder when 27993 is divided by 52?
17
What is the remainder when 4409 is divided by 998?
417
Calculate the remainder when 329595 is divided by 409.
350
What is the remainder when 295943 is divided by 236?
235
Calculate the remainder when 8287 is divided by 330.
37
What is the remainder when 12503 is divided by 129?
119
Calculate the remainder when 5711 is divided by 15.
11
Calculate the remainder when 10769 is divided by 999.
779
What is the remainder when 43585 is divided by 3627?
61
What is the remainder when 7565 is divided by 2208?
941
Calculate the remainder when 442534 is divided by 102.
58
What is the remainder when 15130 is divided by 275?
5
What is the remainder when 2764 is divided by 810?
334
What is the remainder when 102011 is divided by 397?
379
Calculate the remainder when 61100 is divided by 54.
26
What is the remainder when 106335 is divided by 35441?
12
Calculate the remainder when 38651 is divided by 50.
1
What is the remainder when 39001 is divided by 9747?
13
Calculate the remainder when 554336 is divided by 27.
26
What is the remainder when 167889 is divided by 100?
89
What is the remainder when 89829 is divided by 44831?
167
What is the remainder when 1331735 is divided by 24?
23
What is the remainder when 1182483 is divided by 102?
99
What is the remainder when 2379 is divided by 1041?
297
Calculate the remainder when 845 is divided by 84.
5
What is the remainder when 118071 is divided by 120?
111
What is the remainder when 6812 is divided by 10?
2
What is the remainder when 12251 is divided by 117?
83
What is the remainder when 119984 is divided by 15?
14
What is the remainder when 51310 is divided by 765?
55
Calculate the remainder when 508 is divided by 494.
14
Calculate the remainder when 1459 is divided by 1457.
2
What is the remainder when 50861 is divided by 201?
8
Calculate the remainder when 15777 is divided by 184.
137
Calculate the remainder when 61894 is divided by 7.
0
Calculate the remainder when 25868 is divided by 12931.
6
What is the remainder when 48257 is divided by 4?
1
Calculate the remainder when 21434 is divided by 3061.
7
What is the remainder when 264743 is divided by 112?
87
Calculate the remainder when 6968 is divided by 640.
568
Calculate the remainder when 51409 is divided by 10270.
59
Calculate the remainder when 1633 is divided by 531.
40
What is the remainder when 179676 is divided by 77?
35
What is the remainder when 13209 is divided by 252?
105
What is the remainder when 14110 is divided by 31?
5
Calculate the remainder when 222442 is divided by 222441.
1
Calculate the remainder when 109671 is divided by 3133.
16
Calculate the remainder when 1120 is divided by 66.
64
What is the remainder when 451785 is divided by 6?
3
What is the remainder when 45577 is divided by 106?
103
What is the remainder when 600050 is divided by 45?
20
Calculate the remainder when 8626 is divided by 172.
26
Calculate the remainder when 17408 is divided by 621.
20
Calculate the remainder when 28907 is divided by 14391.
125
What is the remainder when 1126 is divided by 324?
154
Calculate the remainder when 2432 is divided by 719.
275
Calculate the remainder when 43882 is divided by 21932.
18
What is the remainder when 16078 is divided by 201?
199
Calculate the remainder when 15376 is divided by 496.
0
What is the remainder when 253797 is divided by 150?
147
What is the remainder when 189187 is divided by 151?
135
What is the remainder when 61511 is divided by 449?
447
Calculate the remainder when 3314 is divided by 166.
160
Calculate the remainder when 5003 is divided by 2207.
589
What is the remainder when 11860 is divided by 5883?
94
Calculate the remainder when 132241 is divided by 2.
1
What is the remainder when 87962 is divided by 188?
166
What is the remainder when 143019 is divided by 354?
3
What is the remainder when 2110934 is divided by 81?
74
What is the remainder when 207762 is divided by 443?
438
What is the remainder when 752513 is divided by 350?
13
What is the remainder when 247113 is divided by 236?
21
Calculate the remainder when 36214 is divided by 12059.
37
What is the remainder when 21663 is divided by 657?
639
What is the remainder when 65076 is divided by 69?
9
Calculate the remainder when 68711 is divided by 68699.
12
Calcu